 the prime factors of 828363374?
2, 9419, 43973
List the prime factors of 392785956.
2, 3, 47, 223, 347
List the prime factors of 1067961838.
2, 16651, 32069
What are the prime factors of 13193824?
2, 7, 58901
List the prime factors of 1510956456.
2, 3, 19, 257, 12893
List the prime factors of 325042834.
2, 41, 1979, 2003
What are the prime factors of 1130450618?
2, 11, 51384119
What are the prime factors of 7040543330?
2, 5, 9029, 77977
List the prime factors of 179963880.
2, 3, 5, 1499699
List the prime factors of 114816479.
114816479
List the prime factors of 815080586.
2, 577, 706309
List the prime factors of 46329819.
3, 97, 159209
List the prime factors of 84573619.
13, 6505663
List the prime factors of 28682628.
2, 3, 13, 19, 9677
List the prime factors of 17745710.
2, 5, 89, 127, 157
List the prime factors of 75586626.
2, 3, 4199257
What are the prime factors of 528092396?
2, 13, 389, 26107
List the prime factors of 44352829.
73, 607573
List the prime factors of 83247789.
3, 53, 523571
What are the prime factors of 17936585?
5, 3587317
What are the prime factors of 134406491?
134406491
What are the prime factors of 1596815071?
79, 1093, 18493
List the prime factors of 165395358.
2, 3, 1020959
List the prime factors of 2402549566.
2, 29017, 41399
What are the prime factors of 44116075?
5, 881, 2003
What are the prime factors of 11150001?
3, 503, 821
What are the prime factors of 63408130?
2, 5, 17, 19, 67, 293
List the prime factors of 2269911612.
2, 3, 1039, 182059
List the prime factors of 145132002.
2, 3, 113, 71353
What are the prime factors of 125853578?
2, 62926789
What are the prime factors of 3893999307?
3, 11, 2381, 49559
What are the prime factors of 44999485?
5, 8999897
What are the prime factors of 16634749?
16634749
List the prime factors of 9808988.
2, 7, 43, 8147
What are the prime factors of 520031067?
3, 173343689
What are the prime factors of 3751224587?
11, 19, 17948443
List the prime factors of 30512079.
3, 13, 86929
What are the prime factors of 1624264350?
2, 3, 5, 83, 283, 461
List the prime factors of 16467147.
3, 1829683
List the prime factors of 136231020.
2, 3, 5, 756839
What are the prime factors of 7560285781?
17, 1759, 252827
What are the prime factors of 72287689?
17, 23, 184879
List the prime factors of 28347858.
2, 3, 7, 11, 113, 181
List the prime factors of 75101157.
3, 37, 225529
List the prime factors of 3330909233.
3330909233
List the prime factors of 3995545224.
2, 3, 11, 17, 52369
What are the prime factors of 19638860?
2, 5, 37, 26539
List the prime factors of 12706103.
101, 125803
List the prime factors of 775794159.
3, 7, 331, 12401
List the prime factors of 218637240.
2, 3, 5, 79, 23063
What are the prime factors of 48949879?
11, 941, 4729
What are the prime factors of 364181076?
2, 3, 7, 481721
What are the prime factors of 8109329?
8109329
What are the prime factors of 101787968?
2, 1590437
What are the prime factors of 1261357363?
7, 25741987
List the prime factors of 295015847.
7, 631, 66791
List the prime factors of 739610002.
2, 229, 653, 2473
List the prime factors of 212681405.
5, 1093, 38917
What are the prime factors of 1064675511?
3, 118297279
What are the prime factors of 49409572?
2, 2657, 4649
List the prime factors of 108029026.
2, 7, 1102337
List the prime factors of 9897252.
2, 3, 19, 83, 523
List the prime factors of 1209757128.
2, 3, 17, 23, 137, 941
What are the prime factors of 31206865?
5, 1021, 6113
What are the prime factors of 256799658?
2, 3, 42799943
What are the prime factors of 898203639?
3, 299401213
List the prime factors of 1753193.
13, 17, 7933
List the prime factors of 18745151.
47, 398833
List the prime factors of 88990602.
2, 3, 14831767
What are the prime factors of 72341698?
2, 11, 13, 17, 14879
What are the prime factors of 559843241?
241, 2323001
List the prime factors of 970579076.
2, 29, 151, 55411
List the prime factors of 7321937260.
2, 5, 11, 33281533
List the prime factors of 222642797.
13, 1317413
List the prime factors of 528116930.
2, 5, 11, 31, 154873
What are the prime factors of 295950741?
3, 331, 491, 607
What are the prime factors of 41947645?
5, 53, 158293
List the prime factors of 381056242.
2, 7, 359, 10831
List the prime factors of 1030339050.
2, 3, 5, 13, 23, 22973
What are the prime factors of 615872903?
8627, 71389
List the prime factors of 247214968.
2, 7, 11, 13, 30871
List the prime factors of 1351022142.
2, 3, 449, 501493
What are the prime factors of 638352965?
5, 859, 148627
What are the prime factors of 161273649?
3, 53757883
What are the prime factors of 2547197826?
2, 3, 67, 6336313
List the prime factors of 448964839.
448964839
What are the prime factors of 1181787943?
7, 168826849
List the prime factors of 13587242.
2, 19, 357559
List the prime factors of 2939554595.
5, 103, 653, 8741
List the prime factors of 114823569.
3, 7, 331, 16519
List the prime factors of 1688275459.
13, 4673, 27791
What are the prime factors of 934253061?
3, 7, 109, 199, 293
What are the prime factors of 3011827756?
2, 7, 823, 130699
What are the prime factors of 468039828?
2, 3, 103, 107, 3539
What are the prime factors of 31546462?
2, 15773231
List the prime factors of 274415169.
3, 7, 151, 86539
What are the prime factors of 2966049794?
2, 109, 13605733
What are the prime factors of 598290405?
3, 5, 773, 51599
List the prime factors of 4313085854.
2, 7, 11, 1021, 27431
List the prime factors of 1851757817.
7, 13, 20348987
What are the prime factors of 59350959?
3, 71, 293, 317
What are the prime factors of 154508400?
2, 3, 5, 167, 257
What are the prime factors of 1193002280?
2, 5, 89, 335113
What are the prime factors of 3076601586?
2, 3, 4679, 109589
What are the prime factors of 578414791?
163, 3548557
List the prime factors of 174098864.
2, 10881179
List the prime factors of 1626783960.
2, 3, 5, 13556533
List the prime factors of 108824067.
3, 11, 37, 3301
List the prime factors of 11974453.
11974453
What are the prime factors of 5289945229?
251, 659, 31981
What are the prime factors of 1003712582?
2, 19, 389, 67901
What are the prime factors of 805318167?
3, 631, 425419
What are the prime factors of 110413552?
2, 6900847
List the prime factors of 806943403.
7, 17, 6781037
What are the prime factors of 37624996?
2, 9406249
What are the prime factors of 1589253318?
2, 3, 191, 154087
List the prime factors of 43246324.
2, 11, 982871
List the prime factors of 302057214.
2, 3, 29, 1735961
What are the prime factors of 1583604145?
5, 17, 89, 209333
List the prime factors of 1174263071.
53, 1237, 17911
What are the prime factors of 509912677?
3701, 137777
What are the prime factors of 40850520?
2, 3, 5, 47, 7243
List the prime factors of 2098520988.
2, 3, 1283, 136303
What are the prime factors of 4074605338?
2, 41, 53, 541, 1733
List the prime factors of 151140158.
2, 13, 257, 22619
What are the prime factors of 58831254?
2, 3, 17, 192259
What are the prime factors of 230609884?
2, 1093, 52747
List the prime factors of 102040450.
2, 5, 19, 37, 2903
What are the prime factors of 3344476990?
2, 5, 37, 313, 28879
List the prime factors of 352640503.
17, 20743559
List the prime factors of 189550079.
1907, 99397
List the prime factors of 6574244608.
2, 25680643
List the prime factors of 2165421.
3, 53, 13619
What are the prime factors of 145071801?
3, 7, 328961
List the prime factors of 5665883.
5665883
List the prime factors of 2773080783.
3, 11, 17, 149791
List the prime factors of 26866030.
2, 5, 2686603
What are the prime factors of 10918645?
5, 29, 257, 293
What are the prime factors of 219739944?
2, 3, 241, 37991
What are the prime factors of 364161564?
2, 3, 13, 778123
What are the prime factors of 121447186?
2, 7, 29, 151, 283
List the prime factors of 38722419.
3, 4302491
List the prime factors of 640251736.
2, 23, 41, 84869
What are the prime factors of 87051735?
3, 5, 1934483
What are the prime factors of 13497914?
2, 619, 10903
List the prime factors of 199175105.
5, 39835021
List the prime factors of 35708821.
35708821
List the prime factors of 77773645.
5, 1579, 9851
List the prime factors of 41148237.
3, 13, 1055083
List the prime factors of 45968307.
3, 7, 11, 198997
List the prime factors of 1160134617.
3, 386711539
List the pri